- 5*m + 3. What is o(-1)?
-91
Let o(f) = 18*f + 133. What is o(-8)?
-11
Let f(y) = -28*y**2 - 448*y + 5. What is f(-16)?
5
Let f(h) = -525*h - 4835. What is f(-9)?
-110
Let z(x) = x**3 + 13*x**2 + 9*x + 117. Determine z(-13).
0
Let y(p) = -90*p**2 + 4143*p - 135. Give y(46).
3
Let g(h) = h**3 + 63*h**2 - 565*h + 137. What is g(-71)?
-76
Let c(z) = 3*z**3 + 12*z**2 + 33*z + 118. Give c(-4).
-14
Let i(s) = 2*s**2 - 24*s + 105. Calculate i(6).
33
Let i(k) = k**2 - 10*k - 8. Calculate i(9).
-17
Let c(r) = 3*r - 492. What is c(167)?
9
Let p(u) = -44*u**3 + 109*u**2 + u. What is p(2)?
86
Let w(s) = -8*s + 35. Give w(-5).
75
Let k(o) = o**3 + 3*o**2 + 11*o + 113. Give k(-5).
8
Let j(z) = -z**3 - 29*z**2 - 19*z + 10. Determine j(-1).
1
Let q(v) = v**3 - 7*v**2 - 9*v + 24. Calculate q(6).
-66
Let v(t) = t**2 - 26*t + 114. What is v(23)?
45
Let l(i) = -i**3 + 15*i**2 + 25*i - 2. Give l(16).
142
Let b(n) = n**3 - 162*n**2 + 939*n - 479. What is b(156)?
-11
Let d(v) = 102*v - 822. Determine d(8).
-6
Let i(h) = 29*h + 1490. Determine i(-51).
11
Let k(n) = 85*n - 770. Calculate k(9).
-5
Let y(z) = z**3 - 11*z**2 + 25*z - 170. Calculate y(10).
-20
Let a(v) = -9405*v + 282152. Determine a(30).
2
Let w(p) = 45*p - 441. What is w(8)?
-81
Let d(q) = -q**2 + 38*q + 25. Give d(38).
25
Let p(q) = -7*q**2 - 7*q + 66. Calculate p(-12).
-858
Let q(z) = 2*z**3 + 435*z**2 + 646*z - 415. Determine q(-216).
17
Let w(o) = -o**3 + 9*o**2 - 5*o - 4. Give w(5).
71
Let p(v) = 3*v**3 - 13*v**2 - 30*v + 109. Give p(6).
109
Let v(i) = 50*i + 360. Determine v(-5).
110
Let m(n) = 4*n**2 + 440*n - 8049. What is m(-126)?
15
Let v(a) = -3377*a - 141834. Determine v(-42).
0
Let d(r) = -27*r**2 - 532*r + 149. What is d(-20)?
-11
Let l(h) = -5*h**2 + 9*h - 2. What is l(4)?
-46
Let u(m) = 391*m + 360. Calculate u(-1).
-31
Let i(w) = -14*w**2 - 10*w + 29. Give i(-2).
-7
Let u(v) = -36*v + 174. What is u(3)?
66
Let j(t) = 220*t + 4065. Calculate j(-19).
-115
Let u(l) = -58*l - 9327. Determine u(-160).
-47
Let m(c) = -14701*c - 176414. What is m(-12)?
-2
Let c(q) = 3686*q + 36865. Calculate c(-10).
5
Let x(g) = -g**3 - 5*g**2 - 35*g - 101. Determine x(-3).
-14
Let b(d) = -8657*d + 25953. Give b(3).
-18
Let o(c) = c**3 - 18*c**2 + 18*c + 39. Give o(17).
56
Let d(z) = z**3 - 3*z**2 - 18*z - 35. Give d(0).
-35
Let z(a) = -38*a**2 - 9*a + 10. Give z(-1).
-19
Let p(q) = -4*q**2 - 3*q + 25. What is p(6)?
-137
Let m(t) = -t**3 + 14*t**2 - 15*t - 97. Calculate m(12).
11
Let c(g) = -5*g**2 - 55*g + 626. Calculate c(-18).
-4
Let d(b) = -5*b**2 - 285*b - 575. Determine d(-2).
-25
Let u(c) = 3008*c + 171449. Determine u(-57).
-7
Let x(d) = 7*d - 86. Give x(16).
26
Let i(s) = -s**3 - 16*s**2 - 14*s - 76. Calculate i(-7).
-419
Let g(j) = -3*j**2 + 371*j - 2009. Determine g(118).
-3
Let q(c) = c**3 + c**2 - 26*c - 33. Determine q(-5).
-3
Let p(b) = -b**3 - 11*b**2 - 33*b - 23. Give p(-6).
-5
Let t(m) = 8*m**2 - 284*m - 4. What is t(38)?
756
Let o(v) = -547*v + 27906. Determine o(51).
9
Let s(a) = 174*a + 3302. Give s(-19).
-4
Let p(k) = -11*k**3 + 6*k**2 - 2*k - 1. Determine p(-1).
18
Let h(c) = -c**2 - 358*c - 23222. Give h(-273).
-17
Let v(u) = 6686*u - 26744. Give v(4).
0
Let g(m) = 18*m - 438. Calculate g(29).
84
Let k(r) = -r**3 - 12*r**2 + 19*r + 67. Give k(-13).
-11
Let d(b) = b**2 - 6*b + 3. What is d(1)?
-2
Let g(p) = 15*p**2 - 254*p - 13. Determine g(17).
4
Let d(v) = 131*v + 8383. What is d(-64)?
-1
Let r(d) = 2*d**2 + 6*d - 6. Give r(3).
30
Let l(r) = 85*r**3 - 76*r**2 - 32*r + 30. Calculate l(1).
7
Let g(c) = -c**3 + 14*c**2 + 9*c - 15. Determine g(12).
381
Let l(m) = -413*m**3 - 11*m**2 + 9*m + 1. Calculate l(1).
-414
Let u(r) = r**2 - 54*r - 683. Calculate u(-14).
269
Let b(q) = 13*q**2 + 130*q - 17. What is b(-10)?
-17
Let m(w) = -4*w + 17. What is m(-6)?
41
Let i(q) = q**2 - 73*q + 371. Determine i(68).
31
Let g(y) = 195*y - 2743. Calculate g(15).
182
Let l(i) = -i**2 - 88*i - 254. What is l(-3)?
1
Let v(f) = -114*f - 1278. Calculate v(-11).
-24
Let v(f) = -605*f + 2420. Calculate v(6).
-1210
Let m(h) = -154*h + 1832. Calculate m(12).
-16
Let a(x) = 61*x - 5425. Calculate a(89).
4
Let p(v) = -v**2 - 640*v - 6. Determine p(0).
-6
Let r(z) = z**3 + 33*z**2 + 235*z - 36. Calculate r(-12).
168
Let u(s) = s**2 - 13*s + 57. Give u(4).
21
Let b(t) = -t**3 + 11*t**2 - 5*t - 22. What is b(9)?
95
Let x(o) = -o**3 + 19*o + 36. Give x(-3).
6
Let c(k) = -k**3 - 42*k**2 - 81*k - 118. Calculate c(-40).
-78
Let t(n) = 172*n + 7191. What is t(-42)?
-33
Let g(h) = -153*h + 35450. Calculate g(232).
-46
Let a(d) = -d + 104. Determine a(-5).
109
Let n(p) = -p**2 + 25*p - 363. Calculate n(11).
-209
Let z(p) = 770*p + 1516. Give z(-2).
-24
Let i(n) = -n**3 - 44*n**2 - 76*n - 113. Give i(-42).
-449
Let h(v) = v**2 + 26*v - 201. Give h(9).
114
Let w(c) = c**3 - 89*c**2 + 175*c - 76. What is w(87)?
11
Let p(w) = 21*w**2 - 129*w - 133. What is p(-1)?
17
Let t(o) = -128*o + 1882. Give t(15).
-38
Let s(v) = -13049*v - 26098. Calculate s(-2).
0
Let x(n) = -131*n**2 - 278*n - 3. Determine x(-2).
29
Let z(k) = -1635*k - 4718. Give z(-3).
187
Let g(a) = a**3 - 7*a**2 - 24*a + 66. Determine g(8).
-62
Let n(x) = x**3 + 25*x**2 + 45*x + 39. Calculate n(-23).
62
Let x(z) = -z**3 - 43*z**2 + 42*z - 60. Give x(-44).
28
Let w(i) = 759*i + 13667. Calculate w(-18).
5
Let k(l) = 2*l**2 - 128*l - 674. Calculate k(69).
16
Let f(r) = 7*r + 355. Give f(-50).
5
Let z(c) = 30*c**3 + 4*c**2 - c - 3. Give z(-1).
-28
Let v(d) = -d**3 + 18*d**2 + 37*d + 67. Calculate v(20).
7
Let t(x) = 34*x**2 - 291*x + 294. What is t(1)?
37
Let m(f) = -f**3 - 37*f**2 - 41*f - 184. Give m(-36).
-4
Let k(x) = 8*x - 216. What is k(26)?
-8
Let n(x) = -x**2 + 287*x + 1471. Give n(-5).
11
Let c(p) = p**2 - 54*p + 672. Give c(19).
7
Let y(b) = -b**2 + 57*b - 241. Give y(48).
191
Let f(m) = 2*m**3 - 48*m**2 + 492*m - 10266. Calculate f(23).
-8
Let k(y) = y**3 - 13*y**2 - 12*y + 12. Calculate k(10).
-408
Let b(k) = -k**2 - 7*k + 1078. What is b(30)?
-32
Let r(c) = 8*c**2 + 389*c - 157. Give r(-49).
-10
Let q(z) = -2*z**3 - 13*z**2 + 12*z - 26. Determine q(-8).
70
Let j(c) = -8*c + 72. Determine j(16).
-56
Let h(l) = 6*l**2 + 76*l - 38. Calculate h(-13).
-12
Let l(i) = -81*i + 4290. Calculate l(53).
-3
Let q(v) = -349*v + 690. Determine q(2).
-8
Let u(c) = -c**2 - 17*c + 25. Determine u(-19).
-13
Let x(w) = 21*w - 368. Give x(22).
94
Let t(i) = -67*i + 362. Calculate t(5).
27
Let i(b) = b**3 + 11*b**2 - 12*b + 74. Give i(-12).
74
Let p(m) = m**2 - 54*m + 694. What is p(31)?
-19
Let k(w) = 3*w**3 - 15*w**2 + 8*w - 8. Give k(6).
148
Let z(m) = m**2 - 4*m + 83. Determine z(0).
83
Let u(s) = -435*s + 3493. Determine u(8).
13
Let h(d) = -196*d**3 + 2*d**2 - 11*d + 8. Give h(1).
-197
Let j(k) = k**2 + 45*k + 441. Determine j(-30).
-9
Let r(k) = -6771*k + 20272. What is r(3)?
-41
Let u(y) = 35*y + 182. What is u(-5)?
7
Let i(p) = 2*p**2 + 44*p + 89. Determine i(-19).
-25
Let o(t) = 12*t**2 - 47*t + 34. Determine o(3).
1
Let w(m) = -12*m - 217. What is w(-22)?
47
Let r(m) = 3*m**2 - 298*m - 2230. Calculate r(-7).
3
Let g(p) = 73*p + 107. Give g(-2).
-39
Let r(c) = -1816*c + 7264. What is r(4)?
0
Let o(r) = -109*r + 623. Calculate o(8).
-249
Let t(k) = -k**3 + 48*k**2 - 177*k + 28. Calculate t(44).
-16
Let h(b) = -324*b - 89400. Determine h(-276).
24
Let i(a) = a**3 - 107*a**2 + 1991*a + 78. Determine i(83).
-5
Let u(s) = -17*s**2 + 167*s + 23. Calculate u(10).
-7
Let i(a) = -4*a**3 - 3*a**2 + 3*a + 8. Calculate i(2).
-30
Let p(j) = 16*j**3 + 3*j**2 - 7*j - 16. Calculate p(-3).
-400
Let g(d) = d**3 + 385*d**2 + 17601*d + 1657. Determine g(-332).
-3
Let c(a) = -12*a**3 - 146*a**2 - 24*a + 19. What is c(-12)?
19
Let l(j) = 170*j - 24489. Calculate l(144).
-9
Let l(a) = 58*a - 1274. Give l(22).
2
Let s(o) = 24*o**2 + 192*o - 7. Give s(-11).
785
Let p(n) = 29*n + 913. Calculate p(-29).
72
Let p(m) = 14*m - 67. Calculate p(3).
-25
Let c(k) = -k**2 + 31*k + 172. Give c(-7).
-94
Let f(h) = -135*h + 1197. What is f(8)?
117
Let u(p) = -p**2 - 28*p - 130. Calculate u(-23).
-15
Let b(n) = 147*n + 6227. Calculate b(-42).
53
Let s(q) = q**3 - 22*q**2 - 39*q - 142. Give s(24).
74
Let q(g) = 3*g**2 - 99*g - 524. Calculate q(-5).
46
Let o(g) = 2*g**3 - 8*g**2 - 20*g + 14. Calculate o(6